der when 33 is divided by c.
9
Let f = -13 + 16. Suppose 7*z = f*z + 196. What is the remainder when z is divided by 13?
10
Let k(d) = d**2 - 3*d + 3. Let l be k(3). Suppose -l*a + r = 56, 3*a + 48 = r - 4*r. What is the remainder when (0 - -28) + a/6 is divided by 13?
12
Suppose 2*t = 12 + 24. What is the remainder when t is divided by 9?
0
Suppose 4 = -2*q - 2. Let z be -2 + (2 + q)*-3. What is the remainder when 56 is divided by (19/(-5))/(z/(-5))?
18
Suppose -2*o + 2*x + 16 = 0, 2*x + 6 = -4. Calculate the remainder when o is divided by (-4)/(-14) - (-5)/7.
0
Let d(o) = -16*o + 2. Let k(y) = 16*y - 2. Let g(x) = 4*d(x) + 5*k(x). Calculate the remainder when g(3) is divided by 12.
10
Let x = -43 - -66. What is the remainder when x is divided by 6?
5
Let a(g) = g**2 - 6*g - 1. Suppose -3*m = -4*z + 240, 0 = 5*z + 7*m - 3*m - 269. What is the remainder when z is divided by a(8)?
12
Let t = 2 + 9. Suppose -2*n + 15 + t = 0. Suppose 3*q = -q + 204. Calculate the remainder when q is divided by n.
12
Let v = 30 + -21. What is the remainder when v is divided by 4?
1
Let u(m) = 3*m + 5*m + 0*m. Let l be u(2). Suppose -3 = -2*c + b, 4*c - 5 = -b + l. What is the remainder when 11 is divided by c?
3
Let q(i) = -i**2 + 9*i - 5. Let d be q(8). Suppose 0 = d*k, 0 = -3*j + 4*j - 4*k - 27. What is the remainder when j is divided by 14?
13
Let g be 1/1*-1 + 3. What is the remainder when 354/12 + (-1)/g is divided by 15?
14
Suppose -2*y - 15 = y. Let o = y + 7. Suppose -o*g + g = -9. What is the remainder when g is divided by 5?
4
Let v(u) = -5*u - 3. Suppose 3*b + 5 = 62. Calculate the remainder when b is divided by v(-2).
5
Let v = 8 - -1. Let z = v - 9. Suppose -3*w + 128 - 41 = z. Calculate the remainder when w is divided by 10.
9
Suppose -5*p = -3*p - o, 2*o = 3*p. Suppose z - l = 12, p*z + 46 = 3*z + 2*l. Calculate the remainder when 38 is divided by z.
10
Let g(y) = -y**2 - 9*y - 10. Let f be g(-7). Let z be f*(-2)/(-3 + -5). What is the remainder when 15/((-3)/(-6) + z) is divided by 4?
2
Let g(i) = i**2 - 3*i - 6. Let c be g(5). Suppose p = c - 3, -2*d = -5*p - 45. Suppose -2*o + 69 = d. What is the remainder when o is divided by 12?
10
Let p(n) = -n**2 + 10*n + 3. Let v be p(8). Suppose -2*q + 105 = -v. What is the remainder when q is divided by 21?
20
Let f = -77 - -223. Suppose 3*m - 2*x + f = 8*m, -x + 3 = 0. Suppose 2*v + 3*o = 11, 5 = 3*v + 4*o - 13. Calculate the remainder when m is divided by v.
8
Let j = 59 + -25. Let v = 1 - -11. Calculate the remainder when j is divided by v.
10
Let j = -2 + 44. What is the remainder when 40 is divided by (j/2)/((-9)/(-6))?
12
Suppose 40 = 3*w + 2*v, 3 + 2 = w - v. Let f(g) = -g**3 + 10*g**2 + 4*g + 6. Calculate the remainder when f(w) is divided by 16.
14
Suppose -8*o = -44 - 84. Calculate the remainder when 78 is divided by o.
14
Let m(u) = 2*u**2 - u - 2. What is the remainder when 77 is divided by m(3)?
12
Suppose -4*a + 542 = -j, 10*a + j = 5*a + 673. Calculate the remainder when a is divided by 34.
33
Suppose -7*i - 18 = -3*v - 3*i, -3*v = 5*i - 45. Calculate the remainder when 27 is divided by v.
7
Suppose -2*c + 26 = -4. Let m be 13/(1/((-3)/(-1))). Let s = 83 - m. What is the remainder when s is divided by c?
14
Let h(a) = -a**3 - 4*a**2 + 3*a + 5. Suppose -2*f + f = -29. Suppose 0 = -5*r, f = 2*k + 4*r - 27. Calculate the remainder when k is divided by h(-5).
13
What is the remainder when 6/4 + (-267)/(-6) is divided by 7/((-147)/36)*-7?
10
Let p be (21/(-15) + 1)*5. Let x = p - -11. Calculate the remainder when 44 is divided by x.
8
Let i be ((-1 - 9)*-1)/1. Suppose -5*l + t = -1, -l - 2*t + i = l. Let y(f) = 15*f**3 + f - 1. What is the remainder when 43 is divided by y(l)?
13
Suppose -5*u + 90 = -5*f, 3*u = 4*u + 5*f - 42. What is the remainder when 40 is divided by u?
18
Let o = 89 - 38. Calculate the remainder when o is divided by 14.
9
Let n = 21 - -10. Let l = 28 + -17. Calculate the remainder when n is divided by l.
9
Let u be (-27)/(-12) + 1/(-4). Let y(d) = 3*d. Let c(l) = 2*l**2 - 3*l - 3. What is the remainder when c(-2) is divided by y(u)?
5
Suppose v = 3*v - 60. What is the remainder when 58 is divided by (1*v)/(9/6)?
18
Let d(c) = -2*c**3 - c**2 - c + 2. Let p = -518 - -523. What is the remainder when d(-2) is divided by p?
1
Let w be (-4)/(-14) + 2/(-7). Suppose b = -2*b. Suppose b = -5*s + 25, 3*o - 5*s = -1 - w. Calculate the remainder when 22 is divided by o.
6
Let g(t) = -t**3 + 8*t**2 + 2*t + 1. Let o(c) = 2*c - 6. What is the remainder when g(8) is divided by o(6)?
5
Let s(t) = t**2 - 4*t + 8. Suppose 2 = -p + 7. Calculate the remainder when 23 is divided by s(p).
10
Let d = -11 + 14. Suppose 4*s - 5*i = 3, -d*i + 1 = 2*s - 3*s. Calculate the remainder when 39 is divided by 10/((3 - s)/2).
19
Suppose -s = -4*s - 12. Let c = 6 + s. Suppose -1 - 3 = k + c*i, k - i = 11. What is the remainder when 10 is divided by k?
4
Suppose 0 = -5*n - x + 4*x + 378, -3*x = -12. Calculate the remainder when n is divided by 27.
24
Let c(n) = -n**3 + 12*n**2 - 21*n + 14. What is the remainder when 22 is divided by c(10)?
2
Suppose 5*z + 56 = 9*z. Calculate the remainder when z is divided by 5.
4
Let k = 15 - 11. Suppose -k*s + 7 + 69 = 0. Let f(b) = -5*b**3 + b - 2. Calculate the remainder when f(-2) is divided by s.
17
Let m(s) = s**3 - 7*s**2 - 5. What is the remainder when m(8) is divided by (-6)/8 - (-83)/4?
19
Suppose 6 = 4*a - 2. Calculate the remainder when 17 is divided by a/4 - (-34)/4.
8
Suppose u + 31 - 4 = 3*p, 0 = u. Calculate the remainder when 24 is divided by p.
6
Calculate the remainder when 74 is divided by (500/(-30))/((-4)/6).
24
What is the remainder when 11/((-44)/(-312)) - 3 is divided by 11?
9
Let y(a) be the first derivative of -4*a**2 + 8*a - 3. What is the remainder when y(-6) is divided by 29?
27
Suppose -5*u - 5 = 0, -439 = -3*i + 4*u - 153. Calculate the remainder when i is divided by 24.
22
Let m(q) = q**3 + 9*q**2 - 7*q + 18. Calculate the remainder when m(-9) is divided by 28.
25
Let l = -159 - -355. Suppose 3*a - 98 = -2*s, -s - l = -5*s + 5*a. What is the remainder when s is divided by 17?
15
Let d = -9 + 45. Let i = -22 + d. Let p = -1 + i. Calculate the remainder when 38 is divided by p.
12
Let q(z) = z**2 - 2. Let w be q(0). Let i(n) = n**2 - 6*n + 4. Let o be i(5). Calculate the remainder when 38 is divided by (o - -14)/(3 + w).
12
Let w = 40 + -23. Suppose 4*q - 23 = w. Calculate the remainder when (-4)/(-2) - (12 + -39) is divided by q.
9
Suppose -b - 3*b + 24 = 0. Let s(i) = i + 7. Suppose 0 = -5*r + 3*r + 14. What is the remainder when s(b) is divided by r?
6
Let k(u) = 2*u**2 - u - 1. Let q = 29 + -24. Calculate the remainder when k(3) is divided by q.
4
Let s(u) = 20*u - 25. Calculate the remainder when s(6) is divided by 24.
23
Suppose -7 = -4*s - 3. Let o(w) = 21*w**3 + w**2. Let q(x) = -21*x**3 - x**2. Let i(f) = -2*o(f) - 3*q(f). Calculate the remainder when i(s) is divided by 8.
6
Let r = -17 + 20. What is the remainder when 4 is divided by r?
1
Suppose 3*t - 24 = -3*y, 4*t - 35 - 1 = -5*y. Calculate the remainder when 63 is divided by y.
3
Let x(b) = 2*b - 1. Let d be x(3). Let j = d - 0. What is the remainder when 9 is divided by j?
4
Let a be ((-14)/(-8))/((-2)/24). Let o = a + 44. What is the remainder when 89 is divided by o?
20
Suppose -5*k + 16 = 21. What is the remainder when (10 - 1) + (-1 - k) is divided by 3?
0
Let u(h) = -31*h + 1. What is the remainder when u(-1) is divided by 17?
15
Suppose r + 2*r - 5*q - 3 = 0, -3*q + 1 = r. Suppose -31 - r = -4*y. What is the remainder when y is divided by 5?
3
What is the remainder when 71 is divided by (-10)/(-1) + (-8)/8*2?
7
Suppose -7*i + 2*i = -2*r - 6, 0 = 3*i - 2*r - 2. Suppose -2*a + i*o + 16 = 0, -2*a + 0*o + 4*o + 10 = 0. What is the remainder when 20 is divided by a?
9
Suppose 1 + 7 = 2*r. Suppose 3*t = r + 11. What is the remainder when 46 is divided by 4*(t + -1 + 0)?
14
Let s(h) = h**3 - 6*h**2 - 7*h + 5. Suppose 4*j - 4*l + 0*l = 36, -2*l = j - 3. Calculate the remainder when 13 is divided by s(j).
3
Let q(t) = -3*t - 7. Let m be (-16)/(-40) - (-32)/(-5). Let b = m - 1. What is the remainder when 40 is divided by q(b)?
12
Let k(u) = -u**3 + 7*u**2 + 6*u + 7. What is the re